 Suppose 4*z = -3*q + 88, 3*q - u = -2*q + 2*z. What are the prime factors of q?
2
Suppose 74679 = 18*z + 15*z. What are the prime factors of z?
31, 73
Let z = -108 + 163. Suppose -47 - 33 = -t. Let b = t - z. List the prime factors of b.
5
Let c = 18 - 13. Suppose -c*y + 12 = r, -3*y + 0*y = -3*r. Suppose -4*z - r*u = -102, -4*z - 6*u + 100 = -2*u. List the prime factors of z.
2, 13
What are the prime factors of (-2 + 1 - -1) + (2289 - -29)?
2, 19, 61
Let t(p) = p**2 + 3*p - 5. Let v(f) = 4*f**3 - 2*f**2 - 2*f - 1. Let j be v(-1). Let u be t(j). Let z(d) = d + 5. What are the prime factors of z(u)?
2, 5
Let v = 14 - 0. Let d(f) = 3*f**3 + 35*f**2 - 26*f + 9. Let r(o) = -o**3 - 17*o**2 + 13*o - 4. Let s(c) = -2*d(c) - 5*r(c). What are the prime factors of s(v)?
2
Let x = 83 + -53. Let d be ((-2)/4)/((-3)/x). Suppose d*q = -0*q + 120. List the prime factors of q.
2, 3
Suppose 0 = k - 4*w + 5*w, -2*w = -3*k + 10. Let u(v) = -54*v**2 + 0*v + 0*v + 4 + 56*v**k. List the prime factors of u(4).
2, 3
Suppose -3*h - 1170 = -2*q - q, 5*q - h - 1954 = 0. List the prime factors of q.
17, 23
Let x(o) = 22*o + 17. Let j(i) = -15*i - 11. Let u(q) = -8*j(q) - 5*x(q). What are the prime factors of u(7)?
73
Let p = 31 - 65. Let h = -5 - p. What are the prime factors of h?
29
Suppose 2*n + 805 = t, -5*t + 4035 = 3*n - 8*n. List the prime factors of t.
809
Let c(p) = p**3 + p**2 + 6. Let i be c(0). Suppose -i*j + 9*j = 90. What are the prime factors of (-4)/j - 1174/(-30)?
3, 13
Suppose 2*s + 1 = f - 0, -4*s + 23 = 3*f. Let m(k) = -k**2 + 11*k + 4. List the prime factors of m(f).
2, 17
Let u be 2/(-18)*-6*966/4. Let v = u + -60. List the prime factors of v.
101
Let z = -7 + 10. Let m = z - -2. Let h = m + -1. What are the prime factors of h?
2
Let f = -12 - -19. Let u = -5 + f. List the prime factors of ((-9)/27)/(u/(-24)).
2
Let j = 2707 - -258. What are the prime factors of j?
5, 593
Let p = 5517 + -1368. List the prime factors of p.
3, 461
What are the prime factors of (-55)/(((-42)/182)/(1 + 2))?
5, 11, 13
Suppose 3*g - 5*z + 51 = 0, 5*z = -g + z. Let r = g + 10. List the prime factors of (r/(-3))/((-2)/(-48)).
2
Suppose -y - 20 = -2*y + 5*j, 2*y + 3*j = 1. Suppose -238 = -2*k - 4*q, k - y*q - 98 = -0*k. What are the prime factors of k?
113
Suppose 0 = 4*k + 2*b - 434, 5*b + 427 = 5*k - k. List the prime factors of (k/14)/(13/91).
2, 3
Suppose 8 = 7*v - 20. Suppose w + v = 3*w. Suppose -k - 4*x - 67 = -w*k, -k - 2*x = -73. List the prime factors of k.
71
Let q(y) = 7*y + 21. Let p be q(-7). Let w = -24 - p. What are the prime factors of w?
2
Let m be 6/(-12) - (-3)/(-6). What are the prime factors of (-2 - m - -1) + (-259)/(-7)?
37
Suppose -4*s + 9289 = -u, -s + 4*u = -u - 2327. List the prime factors of s.
2, 3, 43
Suppose -2*u - 5*u - 245 = 0. Let p = u - -76. List the prime factors of p.
41
Let q = 114 - 112. Suppose q*o + z - 513 = 0, -51 = -2*o - 3*z + 452. List the prime factors of o.
7, 37
Let l(h) = 2*h**2 - 3*h - 4. Let m be l(-4). Let p = m + -28. Let o(t) = t - 4. List the prime factors of o(p).
2
Let w(t) = -14*t - 4. Let d be w(-1). Suppose -2*j - d + 78 = 0. What are the prime factors of j?
2, 17
Let h(z) = -2*z**2 - 45*z + 38. List the prime factors of h(-23).
3, 5
Suppose 0 = c - 2*c. Let r = c - -3. Suppose -4*t = -r*t - 18. What are the prime factors of t?
2, 3
Suppose -8000 = -3*a + 1303. List the prime factors of a.
7, 443
Suppose 5*f - 2*f = 2*w - 3, 4*w + 3*f - 15 = 0. What are the prime factors of w/(-4) + (-2157)/(-12) + 0?
179
Suppose 4*k - 4332 = 1764. List the prime factors of k.
2, 3, 127
Let j(i) = -8*i - 5. Let b be j(5). Let k = b + 57. List the prime factors of k.
2, 3
Let n be 2/(-7) + (-12)/(-42). Suppose j + 4 = -n*j. What are the prime factors of j/8*4 + 17?
3, 5
Let b = -2 + 8. Let v(r) = r - 4. Let z be v(b). Suppose -37 = -2*f + 3*c, z*f - 4*c - 31 = c. What are the prime factors of f?
23
Let l(c) = -c**3 + 4*c**2 - 5*c + 7. Let k be l(3). Suppose 0 = -0*y + 2*y + 2. List the prime factors of k + 0 + 18 + y.
2, 3
Suppose 3*p = 9, -4*p - 3 = a - 6*p. List the prime factors of (-1148)/(-22) - ((-62)/22 + a).
2, 13
Let d(u) = -u**3 + 18*u**2 + 42*u - 60. Let b be d(20). Let g(w) = -2*w**3 - 5*w**2 - 2*w - 2. Let t be g(-4). Let v = b + t. What are the prime factors of v?
2, 17
List the prime factors of (-10 - -11)/(1*(-1)/(-162)).
2, 3
Let p(d) = 15*d**2 + d - 2. Let g be p(1). Let i(c) = -5 - 9 - 2*c + g. What are the prime factors of i(-11)?
2, 11
List the prime factors of 13630/188*(-58)/(-5).
29
Suppose r - 6 = -3*j + 4, 28 = 2*r + 2*j. Let m be 60/r*8/(-3). Let p(v) = v**3 + 9*v**2 - 12*v - 7. What are the prime factors of p(m)?
13
List the prime factors of 2922/(-8)*64/(-24).
2, 487
Let z = 316 - 165. Let h = z - 37. What are the prime factors of h?
2, 3, 19
Suppose -2*d + 5*n - 14 = 0, -2*d + 2 = 4*n - 2. List the prime factors of ((322/8)/7)/(d/(-56)).
7, 23
Suppose 4*d = 4*s - 3312, 4*d - 2*d = s - 827. List the prime factors of s.
829
Let c(a) be the second derivative of -a**4/12 + a**3/6 + 67*a**2 - 18*a. What are the prime factors of c(0)?
2, 67
Let l = 40 - 36. Suppose 0 = -l*z + 281 + 31. List the prime factors of z.
2, 3, 13
Suppose 2*x - 3688 = 4768. List the prime factors of x.
2, 7, 151
Suppose -5*v - 84 = -2349. List the prime factors of v.
3, 151
Let h = -546 - -856. What are the prime factors of h?
2, 5, 31
List the prime factors of 16/(-200) + (-812851)/(-325).
41, 61
List the prime factors of 114/(5 + (-3)/1).
3, 19
Let h(t) = -18*t**2 + t. Let a(p) = -37*p**2 + 2*p. Let l(j) = 2*a(j) - 5*h(j). Suppose -8*b = -6*b + 2. What are the prime factors of l(b)?
17
Let k(p) = p - 3*p + 16*p**2 + 5*p - 23 + 4*p**3. Let t(d) = -7*d**3 - 32*d**2 - 5*d + 46. Let u(b) = 5*k(b) + 3*t(b). What are the prime factors of u(-16)?
23
Let l be ((-3)/(9/8))/((-48)/72). Suppose -3*o + 0*u + 130 = -u, l*u = 4*o - 160. List the prime factors of o.
3, 5
List the prime factors of (-4)/(-28) - (-5 - (-6504)/(-42)).
2, 5
Suppose -21*x + 49*x = 3080. What are the prime factors of x?
2, 5, 11
Suppose -4*n = -5*n + 2. Suppose o = n*o - 12. Suppose 0 = -q - o + 44. What are the prime factors of q?
2
Let c(w) = w - 4. Suppose 2*d - 4*a + 4 = -2*a, 3*a = -12. Let x be c(d). Let k(i) = i**3 + 10*i**2 - i + 1. What are the prime factors of k(x)?
11
Suppose -33*p + 228 = -21*p. Let i(d) = 2*d**2 - 33*d + 41. What are the prime factors of i(p)?
2, 17
Let f(k) = 22*k - 16*k + 36*k. Let o be f(-2). Let q = -58 - o. What are the prime factors of q?
2, 13
Suppose 3*m = -1 - 2. Let s(j) = -25*j + 1. Let u be s(1). List the prime factors of 1 - (u + -1 + m).
3
Suppose 3*j + 2*b = -2*b + 626, 2*b - 838 = -4*j. Suppose 5*k - 907 = 4*s, 5*s = k - j + 16. List the prime factors of k.
179
Let i be (8 - 5)/(2/2). Let t(o) = -i*o - 8*o - 6 + o**2 - 2*o**2 + 27*o. What are the prime factors of t(10)?
2, 3
What are the prime factors of (133409/(-213))/((-2)/6)?
1879
Let j be ((-43)/4)/((-1)/28). Suppose 10*k - 379 = j. List the prime factors of k.
2, 17
Suppose 5*c - 183 = 847. Suppose -z + i = -c, 0 = -5*i - 7 - 3. What are the prime factors of z?
2, 3, 17
Suppose 0 = -5*y - 246 - 94. Let j = y + 79. What are the prime factors of j?
11
Suppose -7*n - 482 - 372 = 0. Let o = -42 - n. What are the prime factors of o?
2, 5
Suppose 5*l + 25 = 0, 0 = 5*c + l - 7021 - 839. What are the prime factors of c?
11, 13
Let r = 973 + -83. What are the prime factors of r?
2, 5, 89
Let w be ((-12)/8 - -2)*10. Suppose -3*r + 4*j - 9 + 34 = 0, r = -2*j - w. Suppose -x = -a + 11 - 27, r*x - 42 = 5*a. List the prime factors of x.
19
Let c be ((-2)/6)/(4/(-48)). List the prime factors of 2004/42 - c/(-14).
2, 3
Let y(x) = -2*x**2 - 13*x - 9. Let j be y(-5). Suppose j*q - 7 = 143. Suppose z - 73 = -3*z + a, -q = 5*a. What are the prime factors of z?
17
Let g(q) = -88*q - 2. List the prime factors of g(-5).
2, 3, 73
Let n = 23 - 23. Suppose -34*w + 32*w + 32 = n. List the prime factors of w.
2
Suppose r + 6181 = n, -5*n + 5*r - 7*r + 30884 = 0. What are the prime factors of n?
2, 3089
What are the prime factors of 12/(-14)*(-189)/81?
2
Let i = 819 + -402. What are the prime factors of i?
3, 139
Let r = 20 - 0. Let d be ((-70)/r)/((-1)/30). Suppose 5*f = 5*c + d, f + f + 